e units digit of o?
2
Suppose 0*a - 5*a = 25, -48 = -3*k + 3*a. What is the units digit of k?
1
Let l(c) = 2*c**2 + 3*c + 1. Let s(f) = 2*f**2 + 3*f + 1. Let y(n) = -3*l(n) + 4*s(n). What is the units digit of y(-2)?
3
Suppose y = d - 0*y - 25, 3*d + 5*y - 91 = 0. What is the tens digit of d?
2
Let l(p) = p**3 + 6*p**2 - 10*p - 10. Suppose 27 + 8 = -5*q. What is the tens digit of l(q)?
1
Let m(w) = 4*w**2 - 4*w + 18. What is the units digit of m(5)?
8
Suppose 3*o = o + 48. What is the tens digit of o + 4 - (-3)/(-3)?
2
Let r(g) = -3*g + g + 3*g - 8. Let b(p) = -3*p + 17. Let l(a) = 2*b(a) + 5*r(a). What is the units digit of l(-10)?
4
What is the tens digit of (-174)/(-15) - 3/5?
1
Suppose -3*p = 2*s - 427, -4*s + 337 = -p - 496. What is the units digit of s?
9
Let c be (14/6)/((-3)/(-9)). Let s(d) be the third derivative of -d**5/60 + 3*d**4/8 + d**3/6 + 4*d**2. What is the units digit of s(c)?
5
Let j(g) = g**3 + g**2 - g + 3. Let z be j(0). Let i = z - 0. What is the tens digit of ((-51)/1)/i*-1?
1
Let b be 4/(-3 + (-14)/(-6)). What is the tens digit of (17 - 0)*(7 + b)?
1
Suppose -5*t - k + 5*k + 608 = 0, 502 = 4*t + 2*k. What is the tens digit of t?
2
Suppose -4*f + d = -173, -f = -6*f - 4*d + 211. What is the tens digit of f?
4
Suppose -4*o - 26 = 2*c, o = -4*c - 5 - 12. Let u be 9/(-12)*(-1 + c). What is the tens digit of 13 - u/(6/4)?
1
Let y(v) be the second derivative of v**3/3 - 4*v**2 - v. Let w be y(7). Let l = 15 - w. What is the units digit of l?
9
Let h = -8 - -38. Let o be (-2)/(3/9 + -1). Suppose -8*i + 3*i - p = -33, -o*i = 4*p - h. What is the units digit of i?
6
Let z = -27 - -57. What is the units digit of z?
0
Let r be (-6)/(-2) + 6/(-3). Let m be (-1)/(-2)*(1 - r). Let g = m + 4. What is the units digit of g?
4
Let y be 8/(-4)*6/4. Let q be y*(-3 - 21/(-9)). Let k = q + -1. What is the units digit of k?
1
Let s(y) = 2*y + 5. Let j be s(7). Suppose 0 = m - 1 + j. What is the units digit of (-19)/(-2) - m/(-12)?
8
Suppose 0 = 3*n - n + 4*a + 14, -a + 10 = 5*n. Suppose -n*q = -4*q + 16. What is the tens digit of q?
1
Suppose 16 = 5*c - c. Suppose -t - 24 = -c*t. What is the units digit of t?
8
Let i(b) = 156*b**3 + 2*b**2 - 2*b. What is the units digit of i(1)?
6
Let y = -30 - -31. What is the units digit of y?
1
Let j = 4 - -7. Let n = j + -6. What is the units digit of n?
5
Let a(i) = 2*i**3 - i**2 + 5*i. Let m be a(5). Suppose 0 = -5*p + 5 + 5, p - m = -4*q. Suppose -3*y + q = 5*l - 0*l, 0 = -2*y + 8. What is the tens digit of l?
1
Suppose 2*z + 8 = -0. Let h = z + 7. Suppose 9 = -0*j + j + h*x, j + 5*x - 13 = 0. What is the units digit of j?
3
Suppose 5*b = 38 + 72. What is the tens digit of b?
2
Let f(o) = -5*o - 3. Let r be f(5). Let m = r + 40. What is the units digit of m?
2
Let h(v) = -v - 4. Let u be h(-7). Suppose 5*y + u*o - 2*o = 22, 4*o = 4*y - 32. What is the units digit of y?
5
Let j(h) = -h**3 + 3*h**2 + 2*h + 2. Let n be j(4). Let y be (1 - -1)/((-1)/n). Suppose 0*l - l - 2*r + y = 0, 3*l = -2*r + 32. What is the units digit of l?
0
Let d = -2 + 4. Suppose -3*a + 18 = 6. Suppose -17 = -z - a*w - 4, 2*z = d*w - 4. What is the units digit of z?
1
Let h be -2*1/(-2)*13. Let v = -8 + h. Suppose 5*n - v*k = -8*k + 7, 4*n + k = 7. What is the units digit of n?
2
Let z(i) = -i**2 + 4*i. Let n(w) = w**3 + w**2 + w. Let o(c) = -2*n(c) + z(c). What is the units digit of o(-3)?
1
Let c(j) = 7*j - 3. Suppose 0 = -v + 6*v - 10. What is the tens digit of c(v)?
1
Let j be (-5)/(-10)*16/2. Suppose -4*i = -8 - j. What is the units digit of i?
3
Suppose -i + 3*i - 2*n = 12, 4*i = -2*n + 24. Suppose h - 27 = 5*r, 2*h - 39 = i*r - r. What is the units digit of h?
2
Let n(p) = -p**2 - 4*p - 2. Let q be n(-3). Let s(y) be the second derivative of 13*y**5/20 - y**4/12 + y**2/2 - y. What is the tens digit of s(q)?
1
Let y = -50 - -52. What is the units digit of y?
2
Suppose -32 + 5 = -u. What is the units digit of u?
7
What is the tens digit of 826/7 - (-1 + 7)?
1
What is the units digit of ((-17)/(-2))/((-3)/132*-2)?
7
Let m = 36 - 6. Let w be 6/(-10) - (-78)/m. Suppose -2*a + 24 = 5*s, -w*s - 1 + 17 = 4*a. What is the units digit of a?
2
Let j(r) = 82*r + 32. What is the tens digit of j(3)?
7
Let z be 46*(1/2)/(-1). Let i be (-5)/(0 - -2 - 1). What is the units digit of (-12)/(-30) + z/i?
5
Suppose -x - 4*x = 0. Suppose 4*b + 0*b + 72 = x. What is the units digit of 4/b + 114/27?
4
Let z(c) = -3*c - 5. Let l be z(-6). Suppose -4*j + l = -7. What is the units digit of (-2)/(-6)*(j + -2)?
1
Suppose 5*s - 3*t - 30 = 0, 5*s - 3*t - 24 = 2*s. Suppose 3*c - 24 = -3*b, 0 = s*b - c - c + 1. What is the units digit of b?
3
Let n be (-1974)/(-18) - 2/(-6). Suppose -n - 40 = -5*w. What is the units digit of (-4)/w*6*-10?
8
Suppose 9 + 1 = 5*h. What is the units digit of h?
2
Let s be (8/(-10))/((-2)/5). Suppose -8 - 40 = s*c. What is the units digit of (2/(-4))/(2/c)?
6
Suppose 3*s + 2*s - 125 = 0. What is the units digit of s?
5
Let h = -5 + 17. What is the units digit of h?
2
Let r(t) = t**2 + 15*t + 10. Let g be r(-10). Let u = g - -24. What is the units digit of (-6)/9 - u/6?
2
Suppose 5*k = -2*b - 5 - 12, 4*k + 10 = 2*b. Let u = 1 + k. Let x = 11 + u. What is the units digit of x?
9
Let d be -2 - (1 + 1)*-1. Suppose d = 4*y - 5*k - 4, 2*y + 3*k = 1 + 1. What is the units digit of y?
1
Let j be 0*3/9 - -2. Let n = 1 - 1. Suppose -7*s + j*s = -2*l + 1, 2*l + 3*s - 25 = n. What is the units digit of l?
8
Let d(u) = 19*u**2 + 4*u + 7. What is the tens digit of d(-2)?
7
What is the tens digit of 1*(146 + 2/2)?
4
Suppose 0 = -5*v - 2*l - 112, 2*v - 3*v = -4*l + 18. Let w = v - -29. What is the units digit of w?
7
Let w(p) = 6*p + 42. What is the units digit of w(24)?
6
Let y be (12/(-7))/((-2)/7). Let g = 8 + y. What is the tens digit of (-4)/g + (-158)/(-14)?
1
Let h = -14 + 8. Let j(k) = k**2 + 6*k + 4. What is the units digit of j(h)?
4
Let a(f) = 3*f - 5. Let i be a(4). Suppose 0 = -4*n + i + 21. What is the units digit of n?
7
Let g = -44 + 73. What is the tens digit of g?
2
Let a be 12/(-3)*5/(-4). Suppose a*k - 16 = 4. Suppose -c = -k*c + 3. What is the units digit of c?
1
Let u(h) = -h**3 - 7*h**2 + 3*h - 7. Let m be u(-7). Let w = -7 - m. What is the units digit of w?
1
Let s = -4 - -8. Suppose s*q - 59 = -3*t, -2*q = -5*t + 3 - 0. Let x = 2 + q. What is the tens digit of x?
1
Let m = -3 - -4. Let g(d) = 7*d - 1. Let r(j) = j - 1. Let n(s) = m*g(s) - 6*r(s). What is the units digit of n(5)?
0
Suppose 352 + 80 = 6*b. What is the units digit of b?
2
Suppose -k = -0*k - 87. What is the tens digit of k?
8
Suppose -12 = 3*f - 45. Suppose -k + 18 = -f. What is the tens digit of k?
2
Let z be 14/4 + (-1)/2. Suppose 8 = -r - r, -t - 13 = z*r. Let j = 3 + t. What is the units digit of j?
2
Let j(l) = 34*l**2 + l + 1. Let q be j(-1). Suppose -2*p + p = -q. What is the tens digit of p?
3
Let f = 3 + 0. Suppose -f*p = p - 16. Suppose p*l + 5 = 37. What is the units digit of l?
8
Suppose q = 3*z + 284 + 29, -3*z - 1589 = -5*q. What is the tens digit of q?
1
Let m(u) = -u + 18. What is the units digit of m(8)?
0
Let v be (-7)/(-14) + (-18)/4. What is the tens digit of 9/(-2)*v/1?
1
Let g(h) = -h**3 + h + 5. Let b be g(0). Let a be b + ((-3)/(-3) - 1). Suppose y = 14 - a. What is the units digit of y?
9
Let w(n) = 52*n**2 + 4*n + 2. What is the tens digit of w(-1)?
5
Suppose 2*t + 8 = 0, t = -5*p + 5*t + 26. Let z(g) = 2*g**2 + 3*g - 1. What is the units digit of z(p)?
3
Let v = -11 - -3. Let k(j) = j**2 + 9*j + 12. What is the units digit of k(v)?
4
Suppose -3*a + 2*z + 38 = -2*z, -2*a - 4*z = -12. What is the units digit of a?
0
Let f = 8 - 4. Let x = -14 + f. Let i = x - -19. What is the units digit of i?
9
Let x(b) = 10*b + 4. Let i be x(6). Suppose 4*w - i = 2*w. What is the units digit of w?
2
What is the tens digit of (4/3)/(-4*(-3)/1440)?
6
Suppose -2*w - 7 = 5. Let t = -5 - w. Let f(p) = 12*p. What is the units digit of f(t)?
2
What is the tens digit of -3*3/(-36) + 387/4?
9
Let x = 28 + -19. What is the units digit of x + (-2 - (-3)/3)?
8
Let n(d) = 10*d**2 - 3*d + 4. What is the tens digit of n(2)?
3
Let z(d) = -32*d**3 - d**2 + 1. Suppose 3*j + 2*b = 6*b - 15, 2*j + 4*b - 10 = 0. What is the tens digit of z(j)?
3
Let f be 3/(-2